 5*m. What is the hundreds digit of m?
7
Let i be ((-6)/5)/(3 - 112/40). What is the tens digit of (13 - -2)*(-3 - (i + 2))?
1
Let k = 6521 + -2454. What is the thousands digit of k?
4
Let y(b) = 3*b**2 - 9*b - 16. Let n be y(5). What is the tens digit of (-70992)/952*n/(-6)*2?
4
Suppose -6*l + 98 + 4 = 0. Suppose -3065 = -l*o + 1746. What is the hundreds digit of o?
2
Let u(f) = 24*f**2 - 156*f - 23. What is the tens digit of u(18)?
4
Let t(y) = y + 8. Let o be t(-5). Let l be (9/6 + o)*6. Suppose 2*g - l = 61. What is the tens digit of g?
4
Let g = 28160 - 11651. What is the hundreds digit of g?
5
Let b = -993 + 3733. Suppose b = 4*i - 4*z, 2*i - 2055 = -i + 5*z. What is the hundreds digit of i?
6
Let v(i) = i**3 - i**2 + 2*i - 4. Let o be v(2). Let k(x) = -13*x - 2 + 11 + 0 - o. What is the units digit of k(-11)?
8
Suppose 3*y + x = -59839 + 156265, -3*y = 2*x - 96429. What is the units digit of y?
1
Let o(n) = 2*n**2 + 32*n + 134. Let i be o(-5). What is the units digit of 8/(i/(-573))*-1?
1
Let c(t) = -t**3 - 28*t**2 + 36*t + 99. Let x be c(-28). Let j = x - -1374. What is the units digit of j?
5
Let f = -21 + -19. Let h = f - -44. Suppose h*a = 54 + 650. What is the hundreds digit of a?
1
Suppose -10601 = 49*y - 475660. What is the thousands digit of y?
9
Let o(w) = w**2 - 10*w + 22. Let l be o(7). What is the units digit of (-1498)/(-10)*l/((-5)/(-25))?
9
Let r = 1132 + -1218. Let s(i) = 278*i**3 + i. Let w be s(-1). Let a = r - w. What is the hundreds digit of a?
1
Suppose -1719*c + 25835 = -1714*c. What is the tens digit of c?
6
Let i(w) = -w**3 + 19*w**2 - 33*w - 20. Let h be i(17). What is the hundreds digit of (-455)/26*((-17)/5 + h)?
1
Suppose -106*k + 6665138 = 44*k + 2560538. What is the ten thousands digit of k?
2
Suppose 3*a + 11*i - 72 = 10*i, -4*i = 12. Suppose -5500 = -a*k + 7500. What is the hundreds digit of k?
5
Suppose 0 = -13*t + 7*t + 14646. What is the tens digit of t?
4
Let v(a) = 1185*a**2 + 11*a - 9. Let g be v(1). What is the hundreds digit of g - (105/(-7) - -8)?
1
Let l(f) = -f**2 - 10*f - 12. Let o be l(-7). Suppose -o = z - 5. What is the units digit of z*6/12*(-103)/2?
3
Suppose 11*c - 418 - 20361 = 0. What is the units digit of c?
9
Suppose 83*l - 247223 - 560196 = 86491. What is the ten thousands digit of l?
1
Let o(n) = n**2 + 11*n - 18. Let j be o(5). Suppose 4*h - 2*b = j, 6*h = 2*h - 3*b + 47. Let c = h + 24. What is the units digit of c?
8
What is the tens digit of (-24)/4*-3*(-8102)/(-36)?
5
Suppose 444 = h - 5*f, -4*f - 1309 - 403 = -4*h. Suppose 4*a - h = -7*y + 3*y, 0 = 4*y + 3*a - 428. Suppose 0 = -r + y + 71. What is the hundreds digit of r?
1
Suppose 0 = -4*k + 156 + 132. Suppose -k*g + 910 = -71*g. Suppose 0 = 3*w - 13*w + g. What is the units digit of w?
1
Suppose -13*x + 17*x + m - 31107 = 0, 3*x - 3*m - 23349 = 0. What is the units digit of x?
8
What is the tens digit of 252920/40 - (-7 - 1)?
3
Let s(n) = 811*n + 10. Let w be s(-1). Let g = w + 888. What is the units digit of g?
7
Suppose -12*u - 3*u + 150 = 0. Let m be (-94)/(-18) + u/(-45) + -4. What is the units digit of ((-70)/5)/7*-1*m?
2
Suppose 0 = -3*z - 3*c + 15, 2*z + 3*c - 25 = -3*z. Suppose -y + 44 = 3*x, -x + 4*x + z*y - 40 = 0. What is the units digit of x?
5
Suppose -14*r + 39*r = 200. Suppose -4*g = -r*g + 236. What is the units digit of g?
9
Suppose 14270 = -15*o + 93335. What is the tens digit of o?
7
Let v = 1699 + -1439. Let f be (-2 + 43)/(2/(-8)). Let i = f + v. What is the units digit of i?
6
Suppose -3*l + 76 + 182 = 0. Suppose -4*j + 830 = 4*h - l, -4*h = 5*j - 911. Let c = -156 + h. What is the units digit of c?
8
Let h(q) = -q**3 - 14*q**2 - 21*q - 54. Let g be h(-13). Suppose 0 = -4*v + 5*y + 143, -2*y - 59 = -3*v + g. What is the tens digit of v?
3
Let r be (1932/(-105))/((-2)/5). Let l be 796/6 - r/69. What is the units digit of l - 1*(2 + -1)?
1
Suppose -18*i + 128*i = 472670. What is the tens digit of i?
9
Let l(u) = 522*u**2 + 67*u + 146. What is the tens digit of l(-3)?
4
Let o = 39 - 28. Suppose -16*v + o*v = -130. Suppose v*c = 28*c - 118. What is the tens digit of c?
5
Suppose -a - 4*a = 4*l - 3986, 0 = -4*l + 4*a + 3968. Suppose -10*h = l + 3156. Let n = h + 714. What is the tens digit of n?
9
Suppose 0 = -104*h + 506742 + 359578. What is the tens digit of h?
3
Suppose 151*n = -6*n + 2068946. What is the ten thousands digit of n?
1
Let g be 21 - (1 - 7/(28/20)). Suppose g*w - 26*w = -l - 1041, w - 4*l = 1032. What is the units digit of w?
4
Let s(i) = 2 - 124*i - 147*i - 8. What is the hundreds digit of s(-2)?
5
Let q = 120207 + -69898. What is the tens digit of q?
0
What is the tens digit of ((-72632)/(-16))/(5/10) - -2?
8
Let j be (-31)/((-464)/1374 + (-13)/(-39)). Suppose -43*h = -12*h - j. What is the tens digit of h?
2
Suppose 6 = -21*p + 23*p. What is the hundreds digit of 676 - (-5 + p - 0)?
6
Let l(g) = -62*g + 117. Let u be l(22). Let i = -393 - u. What is the hundreds digit of i?
8
Let s = 153081 + -93975. What is the thousands digit of s?
9
Suppose -5*s + 2*s - 453 = -4*z, z + 5*s = 96. Suppose 0 = 2*q - 9*q + 203. Suppose q = -k + z. What is the tens digit of k?
8
Suppose -13*u + 12*u = -50. Suppose 0 = -6*r + r - u. Let d(f) = -f**2 - 19*f - 15. What is the tens digit of d(r)?
7
Let v(l) = l**3 - 50*l**2 - 60*l + 170. What is the thousands digit of v(55)?
1
Suppose -5*u = 3*o - 34, 10*u - 5*u = -5*o + 40. Suppose 2 = 2*j + 10, -u*f + 187 = 2*j. What is the units digit of f?
9
Suppose 3*u = 3*s - 19605, 13*u - 14*u + 26150 = 4*s. What is the units digit of s?
7
Let v(d) be the second derivative of -d**5/10 - 21*d**4/4 - 15*d**3/2 - 95*d**2/2 - 21*d - 1. What is the units digit of v(-31)?
9
Suppose 15092 = 7*o - 18*o. What is the units digit of o/(-5) - 4/10?
4
Let h(k) be the first derivative of -11*k**2/2 - 76*k - 27. What is the tens digit of h(-30)?
5
Suppose 5*l + 192 = -4*n - 34, 3*n = -12. Let o be (-22)/(-5) - (l/15)/(-7). Suppose o*w = 5*w - 46. What is the tens digit of w?
4
Suppose -863 = 12*i + 469. Let c = i - 27. Let z = c + 333. What is the hundreds digit of z?
1
Suppose -23*m + 21*m + 1014 = 0. What is the tens digit of (-4 + 6 - 0) + m + -6?
0
Let d = 2117 + 4438. What is the hundreds digit of d?
5
What is the tens digit of 10*(-1)/8 + (2322965/68 - 25)?
3
Let b = 16708 + -6712. What is the hundreds digit of b?
9
Suppose 246*w = 243*w + 40857. What is the ten thousands digit of w?
1
Let c(s) be the second derivative of -s**3 - 31*s**2/2 - 18*s + 45. Suppose 2*b + 1 = -5*j, 4*b - 2*j - 25 = -87. What is the units digit of c(b)?
7
Let d(i) = -3*i + 24. Let g be d(6). Let c be 15/(-1*(-4)/16*g). What is the hundreds digit of 6/15 - (-1756)/c?
1
Suppose 40*f - 29*f = 275. What is the thousands digit of ((-5)/f)/((-7)/52465)?
1
Let d(p) = 608*p**2 + 3*p + 9. What is the tens digit of d(-7)?
8
Suppose 2*m = -4*f + 4146, -m = -5*f - 0*m + 5193. Let h = -724 + f. What is the tens digit of h?
1
Let v be (-2)/((8/168)/(2/(-12))). Let l(n) = -n**3 + 5*n**2 + n + 6. Let s be l(5). Suppose 0 = -v*j + s*j - 212. What is the tens digit of j?
5
Suppose f - i - i = -6, 3*i - 16 = -2*f. Suppose 6*l + 8 = f*l. What is the tens digit of 4/l*497/(-14)?
7
Suppose 2*d + 5 = 5*u, -3*u + 5*d - 25 = -9. What is the tens digit of (1 - -2 - 9/u) + 166?
6
Let k = -240 + 247. Suppose -k*w = -14*w + 49. What is the units digit of w?
7
Suppose -8*l - 2478 = -342. Let n = -122 - l. What is the hundreds digit of n?
1
Let g(c) = 4078*c**2 - 2*c - 3. Let l be g(-1). Suppose 0 = -5*j - 4*u + 3497, -l = -5*j - 5*u - 577. What is the units digit of j?
7
Suppose -4*v + 283283 = 9*v. What is the tens digit of v?
9
Let z(j) = 7*j - 101. Let b be z(15). What is the thousands digit of (-105945)/(-75) - b/(-10)?
1
Let s be ((-48)/32)/(3/(-4)). Suppose -4*i = m - 1737, s*m - 431 = -i + 5*m. What is the hundreds digit of i?
4
Suppose 62240 + 44365 = 4*t - c, 53280 = 2*t + 4*c. What is the hundreds digit of t?
6
Let l = 14631 + -10032. What is the hundreds digit of l?
5
Suppose 5*g - 3*q - 1063 = -q, g + 4*q - 217 = 0. Suppose -i = 36 - g. What is the units digit of 4/(-16) - i/(-4)?
4
Suppose -9*r = -5*r. Suppose -11*t + 9*t - 258 = r. Let v = 210 + t. What is the units digit of v?
1
Suppose 25*q = 13*q + 48816. Supp